{"id":855,"date":"2020-11-28T11:42:18","date_gmt":"2020-11-28T10:42:18","guid":{"rendered":"http:\/\/www.gianenricobarbagli.it\/?page_id=855"},"modified":"2021-11-05T11:43:12","modified_gmt":"2021-11-05T10:43:12","slug":"cookies-policy","status":"publish","type":"page","link":"https:\/\/www.gianenricobarbagli.it\/?page_id=855","title":{"rendered":"Privacy Cookies policy"},"content":{"rendered":"\t\t<div data-elementor-type=\"wp-page\" data-elementor-id=\"855\" class=\"elementor elementor-855\" data-elementor-post-type=\"page\">\n\t\t\t\t\t\t<section class=\"elementor-section elementor-top-section elementor-element elementor-element-3392e20 elementor-section-boxed elementor-section-height-default elementor-section-height-default neuron-fixed-no\" data-id=\"3392e20\" data-element_type=\"section\" data-e-type=\"section\">\n\t\t\t\t\t\t<div class=\"elementor-container elementor-column-gap-default\">\n\t\t\t\t\t<div class=\"elementor-column elementor-col-100 elementor-top-column elementor-element elementor-element-e92e1\" data-id=\"e92e1\" data-element_type=\"column\" data-e-type=\"column\">\n\t\t\t<div class=\"elementor-widget-wrap elementor-element-populated\">\n\t\t\t\t\t\t<div class=\"elementor-element elementor-element-7a0eaeaa elementor-widget elementor-widget-text-editor\" data-id=\"7a0eaeaa\" data-element_type=\"widget\" data-e-type=\"widget\" data-widget_type=\"text-editor.default\">\n\t\t\t\t<div class=\"elementor-widget-container\">\n\t\t\t\t\t\t\t\t\t<p><\/p>\n<p class=\"p1\"><b>INFORMATIVA SUL TRATTAMENTO DEI DATI PERSONALI AI SENSI DELL\u2019ART.13 DEL REGOLAMENTO EUROPEO N. 679\/2016<\/b><\/p>\n<p class=\"p1\">Questa informativa riguarda i dati personali che saranno oggetto di trattamento nel rispetto della vigente normativa in materia di protezione dei Dati Personali e, comunque, dei principi di riservatezza cui \u00e8 ispirata l\u2019attivit\u00e0 di Gian Enrico Barbagli ed intende descrivere le sue modalit\u00e0 di gestione, in ambito del trattamento dei dati personali.<\/p>\n<p class=\"p1\"><b>Questa informativa \u00e8 resa ai sensi dell\u2019art. 13 e 14 del Regolamento UE 2016\/679 del 27 Aprile 2016<\/b>.<\/p>\n<p class=\"p1\">Riportiamo qui sotto, per chiarezza, le definizioni di Dato Personale e Trattamento.<\/p>\n<p class=\"p1\"><b>Dato personale<\/b>: qualsiasi informazione riguardante una persona fisica identificata o identificabile (\u00abinteressato\u00bb), si considera identificabile la persona fisica che pu\u00f2 essere identificata, direttamente o indirettamente, con particolare riferimento a un identificativo come il nome, un numero di identificazione, dati relativi all\u2019ubicazione, un identificativo online o a uno o pi\u00f9 elementi caratteristici della sua identit\u00e0 fisica, fisiologica, genetica, psichica, economica, culturale o sociale;<\/p>\n<p class=\"p1\">Per\u00a0<b>Trattamento<\/b>\u00a0dei Dati Personali si intende qualsiasi operazione o insieme di operazioni, compiute con o senza l\u2019ausilio di processi automatizzati e applicate a dati personali o insiemi di dati personali, come la raccolta, la registrazione, l\u2019organizzazione, la strutturazione, la conservazione, l\u2019adattamento o la modifica, l\u2019estrazione, la consultazione, l\u2019uso, la comunicazione mediante trasmissione, diffusione o qualsiasi altra forma di messa a disposizione, il raffronto o l\u2019interconnessione, la limitazione, la cancellazione o la distruzione.<\/p>\n<p class=\"p1\"><b>Questa informativa \u00e8 resa da Gian Enrico Barbagli con sede legale in Viale A. Diaz, 36 \u2013 52037 Sansepolcro (AR) in qualit\u00e0 di Titolare del trattamento.<\/b><\/p>\n<p class=\"p1\">Il Responsabile del trattamento, \u00e8 Gian Enrico Barbagli.<\/p>\n<p class=\"p1\">I dati raccolti sono trattati conformemente ai principi di correttezza, liceit\u00e0, trasparenza e di tutela della Sua riservatezza e dei Suoi diritti.<\/p>\n<p class=\"p1\">Il trattamento dei dati avviene con modalit\u00e0 manuali, telematiche e informatiche; sono adottate misure di sicurezza atte ad evitare i rischi di accesso non autorizzato, di distruzione o perdita, di trattamento non consentito o non conforme alle finalit\u00e0 della raccolta.<\/p>\n<p class=\"p1\"><b>In relazione ai dati personali la informiamo di quanto segue:<\/b><\/p>\n<p class=\"p1\"><b>1.<\/b>\u00a0 I soggetti che possono accedere ai Vostri dati personali sono:<\/p>\n<p class=\"p1\">A\u00a0I dipendenti\/collaboratori\/interinali della societ\u00e0 incaricati al trattamento su designazione del Titolare oppure in base alle mansioni definite dall\u2019area di appartenenza (produzione, amministrazione, commerciale, legale, informatica, gestione del personale, marketing, ecc..<\/p>\n<p class=\"p1\">B\u00a0Il responsabile o i responsabili del trattamento designati obbligatoriamente dal Titolare.<\/p>\n<p class=\"p1\">C\u00a0Gli utenti di internet limitatamente alla parte dell\u2019annuncio che sar\u00e0 diffuso mediante pubblicazione.<\/p>\n<p class=\"p1\">D\u00a0Gian Enrico Barbagli potr\u00e0 comunicare i dati personali a:<\/p>\n<p class=\"p1\">a. Societ\u00e0 controllate o collegate a Gian Enrico Barbagli;<\/p>\n<p class=\"p1\">b.\u00a0Terzi soggetti incaricati dell\u2019esecuzione di attivit\u00e0 direttamente connesse e strumentali all\u2019erogazione dei Servizi.<\/p>\n<p class=\"p1\"><b>2.<\/b>\u00a0Gian Enrico Barbagli non potr\u00e0 procedere alla completa erogazione dei Servizi, o svolgere comunque la sua attivit\u00e0 ove venisse riscontrato il mancato conferimento, anche parziale, dei dati personali o autorizzazioni richieste:<\/p>\n<p class=\"p1\">A\u00a0per la compilazione del modulo di registrazione per l\u2019accesso ai Servizi o in assenza del consenso al trattamento dei dati personali.<\/p>\n<p class=\"p1\">B\u00a0per l\u2019esecuzione del servizio richiesto;<\/p>\n<p class=\"p1\">C\u00a0per la erogazione e diffusione del servizio annunci mediante pubblicazione;<\/p>\n<p class=\"p1\">D\u00a0per lo svolgimento di reciproca attivit\u00e0 economica;<\/p>\n<p class=\"p1\"><b>Categorie di dati personali trattati<\/b><\/p>\n<p class=\"p1\">\u2013\u00a0Dati che ci comunicher\u00e0 nel corso della registrazione e nella fruizione dei Servizi offerti all\u2019interno del sito\u00a0www.gianenricobarbagli.it;<\/p>\n<p class=\"p1\">\u2013\u00a0Dati che ci comunicher\u00e0 per l\u2019erogazione del servizio richiesto;<\/p>\n<p class=\"p1\">\u2013\u00a0Dati che ci comunicher\u00e0 volontariamente nell\u2019ambito dello svolgimento di reciproca attivit\u00e0 economica;<\/p>\n<p class=\"p1\">\u2013\u00a0Dati che ci comunicher\u00e0 volontariamente per la pubblicazione nella sezione annunci,<\/p>\n<p class=\"p1\"><b>Nello specifico Gian Enrico Barbagli tratter\u00e0 i seguenti Dati Personali forniti dai Clienti<\/b><\/p>\n<p class=\"p1\">\u2013\u00a0Dati Anagrafici e Identificativi (tra i quali nome, cognome, data di nascita, sesso, codice fiscale<\/p>\n<p class=\"p1\">\u2013\u00a0Dati di Contatto (tra i quali telefono, email, indirizzo<\/p>\n<p class=\"p1\">\u2013\u00a0Dati Personali Bancari (tra i quali codice Iban, carta di credito o altro<\/p>\n<p class=\"p1\"><b>Finalit\u00e0 e base giuridica del trattamento<\/b><\/p>\n<p class=\"p1\">I dati sono forniti per le seguenti finalit\u00e0:<\/p>\n<p class=\"p1\">A\u00a0Per ottemperare, in generale, agli obblighi di legge, regolamento, normativa comunitaria. Rientrano normalmente in tale ambito la gestione della fatturazione e dei pagamenti che richiedono il trattamento dei dati: Ragione sociale (o nome e cognome dell\u2019interessato, indirizzo, codice fiscale, Partita Iva, numero di telefono, fax, indirizzo di posta elettronica, estremi bancari (ABI, CAB, numero di C\/C ecc.);<\/p>\n<p class=\"p1\">B\u00a0Per lo svolgimento di attivit\u00e0 direttamente connesse e strumentali all\u2019erogazione dei Servizi;<\/p>\n<p class=\"p1\">C\u00a0Per effettuare analisi statistiche, ricerche di mercato e analisi economiche;<\/p>\n<p class=\"p1\">D\u00a0Per lo svolgimento di attivit\u00e0 di marketing, promozionali e di informazione commerciale relative a prodotti e servizi di Gian Enrico Barbagli o di terzi, diversi dai Servizi offerti dal sito.<\/p>\n<p class=\"p1\"><b>Modalit\u00e0 di trattamento<\/b><\/p>\n<p class=\"p1\">Il trattamento dei Suoi Dati Personali verr\u00e0 effettuato mediante idonei strumenti cartacei, elettronici e\/o telematici, con logiche strettamente correlate alle finalit\u00e0 di cui sopra e, comunque, in modo tale da garantire la sicurezza e riservatezza dei Dati stessi.<\/p>\n<p class=\"p1\">Qualora si verificasse la necessit\u00e0 di far visionare il materiale da altri soggetti o per un uso diverso da quelli sopra menzionati, verranno poste in essere tutte le misure idonee a rendere irriconoscibile il soggetto; se questo non dovesse essere possibile o, se per la finalit\u00e0 da conseguire, fosse necessaria l\u2019identificazione del soggetto, verr\u00e0 richiesta esplicita e specifica autorizzazione.<\/p>\n<p class=\"p1\"><b>Conseguenze di un eventuale rifiuto<\/b><\/p>\n<p class=\"p1\">Le ricordiamo che, con riferimento alle finalit\u00e0 evidenziate ai punti sopraelencati il\u00a0conferimento dei Suoi dati personali \u00e8 obbligatorio. Un Suo eventuale rifiuto e\/o il conferimento di informazioni inesatte e\/o incomplete impedirebbe lo svolgimento dell\u2019attivit\u00e0.<\/p>\n<p class=\"p1\"><b>Accesso ai dati personali<\/b><\/p>\n<p class=\"p1\">I Suoi dati possono essere a conoscenza dei nostri dipendenti e anche in caso di collaboratori in qualit\u00e0 di incaricati e\/o Responsabili del trattamento esclusivamente in relazione alle mansioni e attivit\u00e0 svolte rispetto alle finalit\u00e0 gi\u00e0 espresse<\/p>\n<p class=\"p1\"><b>Destinatari o Categorie di destinatari dei Dati Personali (Responsabili Esterni del Trattamento)<\/b><\/p>\n<p class=\"p1\">Potranno venire a conoscenza dei Suoi Dati Personali il Responsabile per la Protezione dei Dati, gli Incaricati del trattamento dei Dati Personali nominati dall\u2019Azienda nell\u2019esercizio delle loro funzioni.<\/p>\n<p class=\"p1\">I Suoi Dati Personali potranno essere comunicati ad eventuali soggetti che forniscano servizi strumentali alle finalit\u00e0 indicate precedentemente. I Suoi Dati Personali potranno essere altres\u00ec comunicati a fornitori, appaltatori, istituti bancari e\/o assicurativi ovvero altri soggetti e\/o enti che provvedano (per conto di Gian Enrico Barbagli) ai seguenti aspetti:<\/p>\n<p class=\"p1\">\u2013 Collaborazione Esterna<\/p>\n<p class=\"p1\">\u2013 Imprese assicurative<\/p>\n<p class=\"p1\">\u2013\u00a0Fornitura di servizi per conto del Titolare<\/p>\n<p class=\"p1\">\u2013\u00a0Manutenzione e sviluppo della rete e infrastruttura informatica<\/p>\n<p class=\"p1\">\u2013\u00a0Consulenza<\/p>\n<p class=\"p1\">\u2013\u00a0Elaborazioni e adempimenti: amministrativi, contabili e fiscali<\/p>\n<p class=\"p1\">\u2013\u00a0Legale<\/p>\n<p class=\"p1\">L\u2019elenco completo dei Responsabili Esterni del Trattamento dei Dati Personali di Gian Enrico Barbagli sono disponibili su richiesta.<\/p>\n<p class=\"p1\"><b>Trasferimenti presso paesi terzi<\/b><\/p>\n<p class=\"p1\">Non sono previsti trasferimenti dei dati verso Paesi Terzi. Eventuali trasferimenti di dati personali a un paese terzo al di fuori dell\u2019Unione Europea o ad un\u2019organizzazione internazionale avverranno sulla base di una decisione di adeguatezza della Commissione o, nel caso dei trasferimenti di cui agli articoli 46, 47 o 49, secondo comma, del Regolamento Europeo, sulla base di garanzie appropriate ed opportune;<\/p>\n<p class=\"p1\"><b>Durata del trattamento<\/b><\/p>\n<p class=\"p1\">I dati saranno trattati solo per il tempo necessario per le finalit\u00e0 elencate.<\/p>\n<p class=\"p1\">Di seguito i periodi di utilizzo e conservazione dei dati personali con riferimento alle diverse finalit\u00e0 di trattamento:<\/p>\n<p class=\"p1\">1 i dati trattati per l\u2019esecuzione del rapporto contrattuale e per i servizi sottesi saranno conservati per tutta la durata del contratto stesso e per un periodo di 10 anni successivo allo scioglimento\/cessazione\/ risoluzione del rapporto contrattuale stesso, salvo sorga l\u2019esigenza di una ulteriore conservazione, per consentire all\u2019Azienda la difesa dei propri diritti;<\/p>\n<p class=\"p1\">2\u00a0i dati trattati per l\u2019adempimento di obblighi di legge saranno conservati 10 anni e comunque nei limiti previsti dalla legge.<\/p>\n<p class=\"p1\"><b>Diritti di accesso, cancellazione, limitazione e portabilit\u00e0<\/b><\/p>\n<p class=\"p1\">Agli interessati sono riconosciuti i diritti di cui agli artt. Da 15 a 20 del GDPR.<\/p>\n<p class=\"p1\">A titolo esemplificativo, ciascun interessato potr\u00e0:<\/p>\n<p class=\"p1\">1 ottenere la conferma che sia o meno in corso un trattamento di dati personali che lo riguardano;<\/p>\n<p class=\"p1\">2\u00a0qualora un trattamento sia in corso, ottenere l\u2019accesso ai dati personali e alle informazioni relative al trattamento nonch\u00e9 richiedere una copia dei dati personali;<\/p>\n<p class=\"p1\">3\u00a0ottenere la rettifica dei dati personali inesatti e l\u2019integrazione dei dati personali incompleti;<\/p>\n<p class=\"p1\">4\u00a0ottenere, qualora sussista una delle condizioni previste dall\u2019art. 17 del GDPR, la cancellazione dei dati personali che lo riguardano;<\/p>\n<p class=\"p1\">5\u00a0ottenere, nei casi previsti dall\u2019art. 18 del GDPR, la limitazione del trattamento;<\/p>\n<p class=\"p1\">6\u00a0ricevere i dati personali che lo riguardano in un formato strutturato, di uso comune e leggibile da dispositivo automatico e richiedere la loro trasmissione ad un altro titolare, se tecnicamente fattibile.<\/p>\n<p class=\"p1\"><b>Diritto di opposizione<\/b><\/p>\n<p class=\"p1\">Ciascun interessato ha il diritto di opporsi in qualsiasi momento al trattamento dei suoi dati personali effettuato per il perseguimento di un legittimo interesse del Titolare. In caso di opposizione, i suoi dati personali non saranno pi\u00f9 oggetto di trattamento, sempre che non sussistano motivi legittimi per procedere al trattamento che prevalgono sugli interessi, sui diritti e sulle libert\u00e0 dell\u2019interessato oppure per l\u2019accertamento, l\u2019esercizio o la difesa di un diritto in sede giudiziaria. Il diritto \u00e8 esercitato con richiesta rivolta senza formalit\u00e0 al titolare o al responsabile, anche per il tramite di un incaricato o anche inviando una e\u2013mail a\u00a0box@box21.it<\/p>\n<p class=\"p1\"><b>Diritto di revoca del consenso<\/b><\/p>\n<p class=\"p1\">Nel caso in cui sia richiesto il consenso per il trattamento dei dati personali, ciascun interessato potr\u00e0, altres\u00ec, revocare in qualsiasi momento il consenso gi\u00e0 prestato. Il consenso pu\u00f2 essere revocato, scrivendo un\u2019email all\u2019indirizzo\u00a0box@box21.it<b>\u00a0<\/b>inserendo nell\u2019oggetto\u00a0<b>Privacy.<\/b>\u00a0\u00a0<\/p>\n<p class=\"p1\"><b>Diritto di proporre reclamo al Garante<\/b><\/p>\n<p class=\"p1\">Inoltre ciascun interessato potr\u00e0 proporre reclamo al Garante per la Protezione dei Dati Personali nel caso in cui ritenga che siano stati violati i diritti di cui \u00e8 titolare ai sensi del GDPR, secondo le modalit\u00e0 indicate sul sito internet del Garante, accessibile all\u2019indirizzo:\u00a0<a href=\"http:\/\/www.garanteprivacy.it\/\"><span class=\"s1\">www.garanteprivacy.it.<\/span><\/a>\u00a0L\u2019esercizio dei diritti dell\u2019interessato \u00e8 gratuito.<\/p>\n<p class=\"p1\">Ove il soggetto che conferisce i dati abbia un\u2019et\u00e0 inferiore ai 18 anni, tale trattamento \u00e8 lecito soltanto se e nella misura in cui tale consenso \u00e8 prestato o autorizzato da almeno uno dei titolari della responsabilit\u00e0 genitoriale per il quale sono acquisiti i dati identificativi e copia del documento di riconoscimento.<\/p>\n<p class=\"p1\"><b>Informazioni sui Cookies \u2013 Cosa sono i cookies<\/b><\/p>\n<p class=\"p1\">Un \u201ccookie\u201d \u00e8 un file di testo salvato nel computer dell\u2019utente nel momento in cui questo accede ad un sito web con lo scopo di fornire informazioni ogni volta che l\u2019utente ritorna sullo stesso sito. E\u2019 una sorta di promemoria della pagina internet visitata. Con il cookie, il server web invia informazioni al browser dell\u2019utente (Internet Explorer, Mozilla Firefox, Google Chrome, ecc.)\u00a0 memorizzate sul computer di quest\u2019ultimo, e saranno rilette ed aggiornate ogni qual volta l\u2019utente ritorner\u00e0 sul sito. In questo modo il sito Web pu\u00f2 adattarsi automaticamente all\u2019utente. Nel corso della navigazione l\u2019utente potrebbe ricevere sul suo terminale anche cookie di siti diversi (cookies di \u201cterze parti\u201d, impostati direttamente da gestori di detti siti web e utilizzati per le finalit\u00e0 e secondo le modalit\u00e0 da questi definiti.<\/p>\n<p class=\"p1\">In funzione della loro durata, si distinguono in\u00a0cookie di sessione\u00a0(ossia quelli temporanei e cancellati automaticamente dal terminale al termine della sessione di navigazione, chiudendo il browser) ed in\u00a0cookie persistenti\u00a0(ossia quelli che restano memorizzati sul terminale fino alla loro scadenza o cancellazione da parte dell\u2019utente).<\/p>\n<p class=\"p1\">In base alla funzione e alla finalit\u00e0 di utilizzo, i cookie possono suddividersi in\u00a0cookie tecnici\u00a0e\u00a0cookie di profilazione.<\/p>\n<p class=\"p1\"><b>Cookie tecnici<\/b><\/p>\n<p class=\"p1\">Alcuni cookie sono usati per eseguire autenticazioni informatiche, monitoraggio di sessioni e memorizzazione di informazioni specifiche sugli utenti che accedono ad una pagina web. Questi cookie, cosiddetti\u00a0tecnici, sono spesso utili per consentire di navigare in un sito web e utilizzarne tutte le funzionalit\u00e0. I\u00a0cookie tecnici\u00a0sono quelli il cui utilizzo non richiede il consenso dell\u2019utente.<\/p>\n<p class=\"p1\">A questa categoria appartengono anche gli\u00a0analytics cookie. Si tratta di cookie che raccolgono informazioni circa l\u2019utilizzo che un utente fa di un sito web e che consentono di migliorarne il funzionamento. Ad esempio gli\u00a0analytics cookie\u00a0mostrano quali sono le pagine pi\u00f9 frequentemente visitate, consentono di verificare quali sono gli schemi ricorrenti d\u2019utilizzo di un sito web e aiutano a comprendere ogni difficolt\u00e0 che l\u2019utente incontra nell\u2019utilizzo.<\/p>\n<p class=\"p1\"><b>Cookie di profilazione<\/b><\/p>\n<p class=\"p1\">Altri cookie possono invece essere utilizzati per monitorare e profilare gli utenti durante la navigazione, studiare i loro movimenti e abitudini di consultazione del web o di consumo (cosa comprano, cosa leggono, ecc., anche allo scopo di inviare pubblicit\u00e0 di servizi mirati e personalizzati. Si parla in questo caso di\u00a0cookie di profilazione. L\u2019utilizzo di detti cookie necessita dell\u2019acquisizione preventiva del libero consenso informato dell\u2019utente ai sensi dell\u2019art. 7 del Regolamento UE 2016\/679.<\/p>\n<p class=\"p1\"><b>Cookie di terze parti<\/b><\/p>\n<p class=\"p1\">Pu\u00f2 accadere anche che una pagina web contenga cookie provenienti da altri siti e contenuti in vari elementi ospitati sulla pagina stessa, come ad esempio banner pubblicitari, immagini, video, mappe o specifici link a pagine web di altri domini che risiedono su server diversi da quello sul quale si trova la pagina richiesta. In altre parole, questi cookie sono impostati direttamente da gestori di siti web o server diversi da questo sito web. Parliamo, in questi casi, dei cosiddetti\u00a0cookie terze parti, che di solito sono utilizzati a fini di profilazione. L\u2019utilizzo di questi cookie necessita dell\u2019acquisizione preventiva del libero consenso informato dell\u2019utente.<\/p>\n<p class=\"p1\"><b>Nello specifico www.gianenricobarbagli.it utilizza o potrebbe utilizzare i seguenti cookie:<\/b><\/p>\n<ul class=\"ul1\">\n<li class=\"li2\"><b><i><\/i><\/b><span class=\"s2\"><b><i>PHPSESSID<\/i><\/b>\u00a0: L\u2019ID della sessione PHP;<\/span><\/li>\n<li class=\"li2\"><b><i><\/i><\/b><span class=\"s2\"><b><i>langcode<\/i><\/b>\u00a0: Parametro della lingua dell\u2019utente;<\/span><\/li>\n<li class=\"li2\"><b><i><\/i><\/b><span class=\"s2\"><b><i>ASPSESSIONID\u2026<\/i><\/b>\u00a0: L\u2019ID della sessione ASP;<\/span><\/li>\n<li class=\"li2\"><b><i><\/i><\/b><span class=\"s2\"><b><i>winportal_session<\/i><\/b>\u00a0: L\u2019ID della sessione del Sistema di Gestione dei Contenuti Winportal;<\/span><\/li>\n<li class=\"li2\"><b><i><\/i><\/b><span class=\"s2\"><b><i>wineuropa<\/i><\/b>\u00a0: Permette l\u2019utilizzo dei Servizi Wineuropa ai clienti registrati all\u2019interno dei siti *.wineuropa.it;<\/span><\/li>\n<li class=\"li2\"><b><i><\/i><\/b><span class=\"s2\"><b><i>OAGEO<\/i><\/b>\u00a0: Utilizzato nella piattaforma pubblicitaria adv.wineuropa.it. Cookie per il Geotargeting. Durata: 1 anno;<\/span><\/li>\n<li class=\"li2\"><b><i><\/i><\/b><span class=\"s2\"><b><i>OAID<\/i><\/b>\u00a0: Utilizzato nella piattaforma pubblicitaria adv.wineuropa.it. Registra se un banner specifico \u00e8 stato visualizzato. Durata: 1 anno;<\/span><\/li>\n<li class=\"li2\"><b><i><\/i><\/b><span class=\"s2\"><b><i>OXBLC<\/i><\/b>\u00a0: Utilizzato nella piattaforma pubblicitaria adv.wineuropa.it. Usato per registrare l\u2019ultima volta che un banner \u00e8 stato cliccato. Durata: 1 anno;<\/span><\/li>\n<li class=\"li2\"><b><i><\/i><\/b><span class=\"s2\"><b><i>OXLCA<\/i><\/b>\u00a0: Utilizzato nella piattaforma pubblicitaria adv.wineuropa.it. Usato per tracciare l\u2019ultima volta che un banner \u00e8 stato cliccato. Durata: 1 anno;<\/span><\/li>\n<li class=\"li2\"><b><i><\/i><\/b><span class=\"s2\"><b><i>OXLIA<\/i><\/b>\u00a0: Utilizzato nella piattaforma pubblicitaria adv.wineuropa.it. Usato per tracciare l\u2019ultima volta che un banner \u00e8 stato visualizzato. Durata: 1 anno;<\/span><\/li>\n<li class=\"li2\"><b><i><\/i><\/b><span class=\"s2\"><b><i>sessionID<\/i><\/b>\u00a0: Utilizzato nella piattaforma pubblicitaria adv.wineuropa.it. utilizzato per identificare la sessione dell\u2019utente. Durata: Sessione browser.<\/span><\/li>\n<\/ul>\n<p class=\"p1\"><b>Cookie Tecnici di sessione, relativi all\u2019utilizzo del portale video.wineuropa.it<\/b><\/p>\n<ul class=\"ul1\">\n<li class=\"li2\"><b><i><\/i><\/b><span class=\"s2\"><b><i>PHPSESSID<\/i><\/b>\u00a0: L\u2019ID della sessione PHP;<\/span><\/li>\n<li class=\"li2\"><b><i><\/i><\/b><span class=\"s2\"><b><i>like<\/i><\/b>\u00a0: Memorizza la lista di video a cui l\u2019utente ha dato una preferenza positiva. Durata 7 giorni<\/span><\/li>\n<li class=\"li2\"><b><i><\/i><\/b><span class=\"s2\"><b><i>dislike<\/i><\/b>\u00a0: Memorizza la lista di video a cui l\u2019utente ha dato una preferenza negativa. Durata 7 giorni<\/span><\/li>\n<\/ul>\n<p class=\"p1\"><b>Cookie Tecnici di monitoraggio (utilizzati solo in alcuni casi<\/b><\/p>\n<ul class=\"ul1\">\n<li class=\"li2\"><b><i><\/i><\/b><span class=\"s2\"><b><i>_ga<\/i><\/b>\u00a0: Cookie di tracciamento di terze parti (Google Analytics* utilizzato per l\u2019analisi delle visite. Durata: 2 anni;)<\/span><\/li>\n<li class=\"li2\"><b><i><\/i><\/b><span class=\"s2\"><b><i>_gat<\/i><\/b>\u00a0: Cookie di tracciamento di terze parti (Google Analytics* utilizzato per l\u2019analisi delle visite. Durata: 10 minuti;)<\/span><\/li>\n<li class=\"li2\"><b><i><\/i><\/b><span class=\"s2\"><b><i>__utma<\/i><\/b>\u00a0: Cookie di tracciamento di terze parti (Google Analytics* utilizzato per l\u2019analisi delle visite. Durata: 2 anni;)<\/span><\/li>\n<li class=\"li2\"><b><i><\/i><\/b><span class=\"s2\"><b><i>__utmt<\/i><\/b>\u00a0: Cookie di tracciamento di terze parti (Google Analytics* utilizzato per l\u2019analisi delle visite. Durata: 10 minuti;)<\/span><\/li>\n<li class=\"li2\"><b><i><\/i><\/b><span class=\"s2\"><b><i>__utmb<\/i><\/b>\u00a0: Cookie di tracciamento di terze parti (Google Analytics* utilizzato per l\u2019analisi delle visite. Durata: 30 minuti;)<\/span><\/li>\n<li class=\"li2\"><b><i><\/i><\/b><span class=\"s2\"><b><i>__utmc<\/i><\/b>\u00a0: Cookie di tracciamento di terze parti (Google Analytics* utilizzato per l\u2019analisi delle visite. Durata: Sessione browser;)<\/span><\/li>\n<li class=\"li2\"><b><i><\/i><\/b><span class=\"s2\"><b><i>__utmz<\/i><\/b>\u00a0: Cookie di tracciamento di terze parti (Google Analytics* utilizzato per l\u2019analisi delle visite. Durata: 6 mesi.)<\/span><\/li>\n<\/ul>\n<p class=\"p1\">(* Google Analytics \u00e8 uno strumento di analisi di Google che aiuta i proprietari di siti web e app a capire come i visitatori interagiscono con i contenuti di loro propriet\u00e0. Si pu\u00f2 utilizzare un set di cookie per raccogliere informazioni e generare statistiche di utilizzo del sito web senza identificazione personale dei<br \/>\u00a0singoli visitatori da parte di Google).<br \/>Leggi ulteriori informazioni su\u00a0<a href=\"https:\/\/developers.google.com\/analytics\/devguides\/collection\/analyticsjs\/cookie-usage\"><span class=\"s1\">cookie di Analytics e privacy<\/span><\/a>.<\/p>\n<p class=\"p1\">Se vuoi saperne di piu\u2019 sulla normativa sulla Privacy, consulta il sito:\u00a0<a href=\"http:\/\/www.garanteprivacy.it\/\"><span class=\"s1\">Sito Ufficiale del Garante per la protezione dei dati personali.<\/span><\/a><\/p>\n<p><\/p>\t\t\t\t\t\t\t\t<\/div>\n\t\t\t\t<\/div>\n\t\t\t\t\t<\/div>\n\t\t<\/div>\n\t\t\t\t\t<\/div>\n\t\t<\/section>\n\t\t\t\t<\/div>\n\t\t","protected":false},"excerpt":{"rendered":"<p>INFORMATIVA SUL TRATTAMENTO DEI DATI PERSONALI AI SENSI DELL\u2019ART.13 DEL REGOLAMENTO EUROPEO N. 679\/2016 Questa informativa riguarda i&#8230;<\/p>\n","protected":false},"author":1,"featured_media":0,"parent":0,"menu_order":0,"comment_status":"closed","ping_status":"closed","template":"","meta":{"_acf_changed":false,"_monsterinsights_skip_tracking":false,"_monsterinsights_sitenote_active":false,"_monsterinsights_sitenote_note":"","_monsterinsights_sitenote_category":0,"footnotes":""},"class_list":["post-855","page","type-page","status-publish","hentry"],"acf":[],"aioseo_notices":[],"_links":{"self":[{"href":"https:\/\/www.gianenricobarbagli.it\/index.php?rest_route=\/wp\/v2\/pages\/855","targetHints":{"allow":["GET"]}}],"collection":[{"href":"https:\/\/www.gianenricobarbagli.it\/index.php?rest_route=\/wp\/v2\/pages"}],"about":[{"href":"https:\/\/www.gianenricobarbagli.it\/index.php?rest_route=\/wp\/v2\/types\/page"}],"author":[{"embeddable":true,"href":"https:\/\/www.gianenricobarbagli.it\/index.php?rest_route=\/wp\/v2\/users\/1"}],"replies":[{"embeddable":true,"href":"https:\/\/www.gianenricobarbagli.it\/index.php?rest_route=%2Fwp%2Fv2%2Fcomments&post=855"}],"version-history":[{"count":6,"href":"https:\/\/www.gianenricobarbagli.it\/index.php?rest_route=\/wp\/v2\/pages\/855\/revisions"}],"predecessor-version":[{"id":30036,"href":"https:\/\/www.gianenricobarbagli.it\/index.php?rest_route=\/wp\/v2\/pages\/855\/revisions\/30036"}],"wp:attachment":[{"href":"https:\/\/www.gianenricobarbagli.it\/index.php?rest_route=%2Fwp%2Fv2%2Fmedia&parent=855"}],"curies":[{"name":"wp","href":"https:\/\/api.w.org\/{rel}","templated":true}]}}